(-3)) is divided by c.
3
Suppose -103 = -6*i + 131. Let r = 65 - i. Suppose 5*f - 4*h = 66, h - r = -2*f + 3*h. Calculate the remainder when 28 is divided by f.
0
Let p = -64 - -147. Suppose 237 = p*h - 79*h - g, -4*g + 38 = h. Calculate the remainder when 289 is divided by h.
57
Let y(a) = a**2 + 45*a - 547. Let t(j) = j**2 - 7*j + 4. Let o be t(5). Let w = -2 - o. Calculate the remainder when w is divided by y(10).
1
Let p be (-6)/(-12) - (-3)/2. Let i be ((-40)/(-15)*3)/p. Suppose 0 = 3*c + i*r - 2 - 68, -4*r - 84 = -4*c. What is the remainder when c is divided by 6?
4
Let z = 0 - -25. Suppose -4*d + h = -12, 2*h = -2*d - 0*h + 16. Suppose -r = d*l - 380, -3*r + 468 = l + 4*l. Calculate the remainder when l is divided by z.
21
Suppose -37*o = -31*o + 4332. Let b = o + 740. What is the remainder when 44 is divided by b?
8
Suppose -170 + 158 = -2*p. Calculate the remainder when (-2004)/(-15) - p/10 is divided by 15.
13
Let g(f) = 288*f + 1549. What is the remainder when 42181 is divided by g(-5)?
107
Suppose -34*b + 21 = -35*b. Calculate the remainder when 32 is divided by 19 + 3/b + 6/(-7).
14
Suppose 183 = 3*h + 13*a, 5 - 17 = -4*a. What is the remainder when 2831 is divided by h?
47
Let t(i) = -3*i**2 + 29*i - 5. What is the remainder when ((-55)/10 - -4)/(3/(-118)) is divided by t(9)?
7
Suppose -7*l + 93580 + 3103 = 102*l. Calculate the remainder when l is divided by 116.
75
Let q = 246 - 175. Let g = -389 - -423. Calculate the remainder when q is divided by g.
3
Suppose -15*p + 252 = -9*p. Let j be 4608/p - (-5)/((-70)/(-4)). Let m = -48 + j. What is the remainder when m is divided by 16?
14
Suppose -2*n + 152 = 4*r, 20*n - 23*n = -4*r + 132. Let k be 1 + (-5)/2*-4. Let d = 24 - k. What is the remainder when r is divided by d?
10
Let q = 20 - 15. Suppose -n - g + 13 = 4*g, -q*n = 5*g - 65. Suppose 2*t - 4*t + 29 = 5*m, 12 = -4*t. Calculate the remainder when n is divided by m.
6
Let s(g) = 46*g - 38. Let q be s(9). Let t = q - 210. What is the remainder when t is divided by 17?
13
Let d(y) = y**3 - 8*y**2 - y - 9. Let t be d(5). Let u = t + 155. What is the remainder when u is divided by 2/(-7) + 240/7?
32
Suppose o - o - 32*o = 0. Suppose 18*v - 12*v - 180 = o. Calculate the remainder when 266 is divided by v.
26
Let x(y) = -y**3 - 3*y**2 + 2*y + 269. What is the remainder when 285 is divided by x(0)?
16
What is the remainder when 1229 is divided by (-414)/(-9) - (-8 - 8)?
51
Let i be 370/(-8)*(-1056)/220. Suppose -1176*g = -1170*g - i. Calculate the remainder when g is divided by 6.
1
What is the remainder when 1753 is divided by (8 - (-82 + 10))/2?
33
Let c = 56 - 22. Suppose 4*k + 3*r - c = r, -3*k - 2*r + 28 = 0. Suppose s - 3*f + k*f - 54 = 0, 4*s - f = 216. What is the remainder when s is divided by 19?
16
Suppose 3*m + 0 - 27 = 0. Let i be 626 - (0 + 0) - 54/(-9). Let w = 648 - i. Calculate the remainder when w is divided by m.
7
Let u = 4299 + -4274. What is the remainder when 1420 is divided by u?
20
Suppose 3*m + z + 1 = 0, -4*m - 5*z = -2 - 4. Let d(u) = 5*u**2 - 4*u - 3. What is the remainder when d(-3) is divided by (-41)/3*m + (-24)/(-72)?
12
Let r be 1 - 4 - (-46 + 43). Let p(u) = -24*u + 7. What is the remainder when 81 is divided by p(r)?
4
Suppose 4131 - 3977 = 14*m. Let j(s) = -5*s - 11. What is the remainder when j(-8) is divided by m?
7
Suppose -j = 5*a, 48*j + 4*a = 44*j. Suppose 11 = 2*b + 1. Suppose -72 = -5*h + 3*u, -b*h - 3*u + 48 = -j*u. What is the remainder when 29 is divided by h?
5
Let u(s) = s**3 - 22*s**2 + 73*s. What is the remainder when 771 is divided by u(18)?
15
Suppose 0 = 8*y + 11055 - 12039. Calculate the remainder when 300 is divided by y.
54
Suppose 3*y = -84 + 69. Let r(x) = 12*x + 49. Let g(u) = u + 1. Let m(q) = -4*g(q) + r(q). What is the remainder when 18 is divided by m(y)?
3
Let f(d) = 3*d**2 - 6*d + 66. Suppose -7 = 19*b - 20*b. Calculate the remainder when f(b) is divided by 44.
39
Let g be (0 - 1)/(10/150). Let j(o) = -7*o - 39. What is the remainder when j(g) is divided by 18?
12
Suppose k + 0*k + 11 = 3*n, 0 = 2*n + 5*k + 4. Suppose -b = -n*b + 58. Calculate the remainder when b is divided by (-10833)/(-483) + -16 - (-6)/(-14).
5
Suppose 4*s + 4 = 32. Let d(b) = -b**3 + 6*b**2 + 7*b + 3. Let n(y) = 10*y - 209. What is the remainder when n(22) is divided by d(s)?
2
Let s = 60537 + -47980. What is the remainder when s is divided by 182?
181
Suppose z + b - 10 = 0, -12*z + b = -16*z + 25. Suppose -2 = r, 74 = -5*j + 6*j - z*r. Calculate the remainder when 383 is divided by j.
63
Let y(n) = -627*n**3 - 2*n**2 - 6*n - 5. Suppose 5*j + a = 168, j + 96 = 4*j - a. Calculate the remainder when y(-1) is divided by j.
32
Suppose 14*d + 6*d + 16*d = 48564. Calculate the remainder when d is divided by 105.
89
Let y(j) = 3*j + 224. Calculate the remainder when y(22) is divided by 122.
46
Let h = 1588 - 1567. Let f(r) = r - 5. Let m be f(5). Let u = 35 + m. Calculate the remainder when u is divided by h.
14
Let p be 2 + (-213 - (-6 + 3)). Let r be p/(-78)*((-14)/4 - 1). Let s(g) = -5*g + 12. Calculate the remainder when s(r) is divided by 19.
15
Let p = 2498 + -2169. What is the remainder when p is divided by 112?
105
Suppose -31733*r - 723 = -31736*r. What is the remainder when 3612 is divided by r?
238
Suppose 23 = 4*y - 13. Let x(a) = -60*a - 280. Let r be x(-5). Suppose 0 = -r*t + 136 + 344. What is the remainder when t is divided by y?
6
Let g = 299 - 169. Suppose 13*l - g = 156. Suppose 219 = 5*f - 4*h, -3*h + l = 5*f - 190. What is the remainder when f is divided by 11?
10
Suppose 63*n = 6290 + 4042. What is the remainder when n is divided by 77?
10
Suppose -29*t + 17*t + 150 = -2*t. Suppose 3*a + 5*b + 132 = 5*a, b - 276 = -5*a. What is the remainder when a is divided by t?
11
Suppose 4*w + 2*y = 0, 0 = -w - 4*w - y + 6. Suppose -3*g - w*m = -39, 3*m + 0*m = g - 2. Let j = 42 + -22. Calculate the remainder when j is divided by g.
9
Calculate the remainder when ((-70)/(-35))/((-1)/(-720)*5) is divided by 14.
8
Suppose 15*m - 1764 = -6*m. Let c(p) = 2*p**2 - 10*p + 4. What is the remainder when m is divided by c(7)?
20
Suppose -10*x + 1024 - 74 = 100. Calculate the remainder when x is divided by 56.
29
Suppose 2*u + 4 = -2*u, x = 4*u + 9. Suppose v = -x*k + 53, 4*k - v = v + 34. What is the remainder when 21 is divided by k?
1
Suppose -7*s = -u - 12*s + 740, -5*s = 0. Suppose 64*y - 74*y + u = 0. What is the remainder when 368 is divided by y?
72
Let r(m) = -m**3 + 3*m - 30. Let f be 4 + -7 + 12/4. Let c be r(f). Let x = 35 + c. What is the remainder when 34 is divided by x?
4
Suppose -3*s - 71*a + 76*a = -1284, -3*a - 9 = 0. Calculate the remainder when s is divided by 87.
75
Suppose -4*y + x + 916 = 0, x + 907 + 236 = 5*y. Calculate the remainder when y is divided by 116.
111
Suppose 5*d + 12 = 3*d, 3*z - 219 = d. Let m(r) = -r**2 + 6*r + 8. What is the remainder when z is divided by m(6)?
7
Suppose 3*c - f = 12, -2*c - 2*f + 1 + 7 = 0. Suppose -9*n - t + 161 = -6*n, c*t = n - 58. What is the remainder when n is divided by 7?
5
Suppose 7 = 2*i + 5*u - 85, -4*u = -4*i + 156. Let g = 0 + -8. Let d(l) = -2*l**3 - 17*l**2 - 10*l + 9. Calculate the remainder when i is divided by d(g).
16
Let a = -273 - -272. What is the remainder when 37 is divided by 6/10*a*40/(-8)?
1
Let v = 86 - 104. Calculate the remainder when 215 is divided by (-192)/2*v/(-96)*-4.
71
Suppose 0 = 5*w - 5*d - 130, 2*d - 29 = -35. What is the remainder when 2389 is divided by w?
20
Let g(c) = 2*c**3 - 20*c**2 - 9*c + 96. Calculate the remainder when 7 is divided by g(10).
1
Let d(k) = k**3 - 12*k**2 + 22*k + 27. What is the remainder when (149/4)/((-1)/(-4)) is divided by d(10)?
8
Suppose 0 = 3*d - 2*o - 1511 - 512, 2690 = 4*d + o. Calculate the remainder when d is divided by 15.
13
Let s(d) = 7*d**3 - 2*d**2 - 9*d + 73. Calculate the remainder when s(5) is divided by 22.
17
Let d(q) = -3*q - 34. Let o be d(-13). Suppose -o*k - k + 54 = 0. Suppose 628 = 13*c - k*c. Calculate the remainder when c is divided by 32.
29
Suppose -10*z + 28 = -702. Let q = 101 - z. Calculate the remainder when q is divided by 6.
4
Suppose 0 = 4*n - 16, 33*n = 5*o + 32*n - 71. What is the remainder when o is divided by (0 + (-4)/(-10))/(13/130